s the highest common factor of 10 and p?
2
Let q be (8 - 2)*6/3. What is the greatest common divisor of 96 and q?
12
Let l(g) = 3*g + 16. Let x be l(0). Calculate the greatest common factor of 4 and x.
4
Suppose 8*u - 3*u - 15 = 0. Let h = u - -1. Let p(d) = -d**3 - 5*d**2 + 6*d + 1. Let i be p(-6). Calculate the greatest common divisor of h and i.
1
Suppose 0 = -g + 3*t + 10, 0 = -5*g - 3*t - 8 + 4. What is the greatest common factor of 23 and g?
1
Suppose -378 = -10*p + 7*p. What is the highest common divisor of 18 and p?
18
Suppose 0*y - y + 63 = 0. What is the greatest common divisor of y and 9?
9
Let y = 254 + -93. Let h(s) = -s**3 - 4*s**2 + 9*s + 5. Let d be h(-6). Calculate the greatest common factor of d and y.
23
Let z(t) = t**2 - 5*t - 4. Let r be z(7). Suppose 0 = -4*u + 3*g + 89, -2*u - u - 4*g + 48 = 0. Calculate the greatest common divisor of u and r.
10
Suppose 3 + 157 = 2*w. Let a = -14 - -10. Let x be (-40)/(-6)*(-6)/a. What is the greatest common divisor of w and x?
10
Suppose 2*l + 5*o - 220 = 0, -283 = -5*l + 4*o + 201. What is the highest common divisor of 40 and l?
20
Suppose 11 = 2*x - 25. What is the highest common divisor of x and 18?
18
Suppose 3*z - 2 = -4*p + 1, 0 = z - 1. Let y be 0 + -1 + p - -29. What is the greatest common divisor of 7 and y?
7
Let f(k) = k - 5. Let u be f(5). Suppose u = 2*o - p - 4*p + 142, -2*o - 2*p = 128. Let a = o + 134. Calculate the greatest common divisor of a and 17.
17
Let d be 1/4 + (-630)/(-40). What is the highest common factor of 128 and d?
16
Suppose 12 = 4*f - 0*f. Let h be 100 + -2 + 3/f. Let s = h + -44. Calculate the highest common divisor of s and 22.
11
Let b be (2 + -3 - -1) + 2. Calculate the greatest common factor of 14 and b.
2
Suppose 0*q - 22 = z + 4*q, 0 = -2*z + 5*q + 21. Let c = z - -11. Calculate the highest common factor of 9 and c.
9
Let l = 1 + 4. Calculate the greatest common divisor of l and 2.
1
Let r = 69 - 51. Calculate the greatest common divisor of r and 90.
18
Let o be (9/12)/(2/32). Calculate the greatest common divisor of 96 and o.
12
Suppose -m + 10 = 3. Calculate the highest common divisor of 28 and m.
7
Suppose -84*l = -82*l - 110. What is the greatest common factor of l and 44?
11
Suppose 0 = -5*o - 21 - 9. Let n be 2/o - (-254)/6. What is the highest common divisor of 6 and n?
6
Let h(l) = l**2 + 2*l - 4. Let w be h(-4). Suppose w*d = -d + 115. Let c = 34 - d. What is the highest common factor of c and 1?
1
Let a(r) = 2*r**2 - 3*r + 7. Let d be a(2). Calculate the highest common divisor of 36 and d.
9
Let n be 1/(-1) - (1 + -7). Let q = 148 - 93. What is the greatest common divisor of n and q?
5
Let z(g) = g**3 - 3*g**2 + g + 1. Let v be z(3). Suppose v*p = p + 495. Let b be 1 + -1 + (-45)/(-3). Calculate the highest common factor of b and p.
15
Suppose -250 - 26 = 4*h. Let p = h + 144. Calculate the greatest common factor of p and 50.
25
Suppose a - 740 = -5*p + 1080, 2*p = -10. Let f = a + -1299. Suppose 0 = -4*b - 3*m + f, 4*b - 544 = 2*m - 4*m. What is the highest common factor of 15 and b?
15
Let z = -50 + 70. Let l = 52 + -38. Let g = z - l. Calculate the highest common divisor of 12 and g.
6
Let g = 163 - 103. Calculate the greatest common factor of g and 45.
15
Suppose -2*l = -3 - 1. Suppose 2*i + i = 3*b - 174, 5*i = -l*b + 102. Calculate the highest common factor of 8 and b.
8
Suppose 5*r + 2*f + 0*f = 88, 0 = 2*r - 5*f - 41. What is the greatest common divisor of 12 and r?
6
Suppose -1 = y, 2*h + 0 - 32 = 4*y. Calculate the greatest common factor of h and 2.
2
Suppose x = -5*g + 99, -x = 4*g - 39 - 40. Calculate the highest common factor of g and 20.
20
Suppose -6*n + 20 = -n. Suppose -4*x - 10 = -2*x, -n*x - 44 = -4*b. Calculate the highest common divisor of b and 66.
6
Let p be ((-85)/10*5)/(1/(-2)). What is the highest common divisor of p and 17?
17
Let x be -4 - (-3)/(12/40). Calculate the greatest common divisor of x and 3.
3
Let v be (-16)/(-10)*5/2. Let n be (1 - 1)/(v - 6). Suppose n*d - c + 60 = 5*d, c - 16 = -d. Calculate the highest common factor of d and 11.
11
Suppose 252 = -0*v + 2*v. Suppose u = -6*u + 98. What is the greatest common factor of v and u?
14
Let k = 37 - 64. Let o = k + 9. Let q be o*(1 + 3)*-2. What is the highest common divisor of 16 and q?
16
Suppose -565 = -3*z - m, -20 = -5*m - 0*m. What is the greatest common factor of 11 and z?
11
Let f be 5*(-1)/(-10)*(-2)/(-1). Calculate the greatest common factor of 3 and f.
1
Let k be 175/(-28) + 6 + 58/8. What is the greatest common factor of 77 and k?
7
Let j = -32 + 35. Calculate the greatest common divisor of j and 18.
3
Suppose 0 = -2*m - 13 + 49. Let y be ((-24)/(-10))/((-2)/(-5)). What is the greatest common divisor of m and y?
6
Let q = 30 - 12. Let z be 26/(-6)*(-3 - 0). Suppose z + 11 = 4*a. What is the highest common factor of q and a?
6
Suppose -3*i - 14 = 3*k + 4, i + 30 = -4*k. Let v(l) = -5*l + 9 + 0*l + 4*l. Let c be v(k). What is the highest common factor of c and 68?
17
Let j = 28 + 36. Let t = j - 43. What is the highest common divisor of t and 7?
7
Suppose 5*r - i - 15 = -0*i, 4*r + 3*i = 12. Suppose -2 = a, -27 = -o + r*a - 7. Calculate the highest common divisor of 14 and o.
14
Let s(l) = -l - 2. Let u(c) = -2*c - 5. Let b(j) = 9*s(j) - 4*u(j). Let q be b(-2). Suppose 26 = q*g - 30. Calculate the highest common divisor of 21 and g.
7
Let p = -8 - -16. What is the greatest common factor of p and 2?
2
Suppose -2*f - 3*f - 4*d + 55 = 0, 0 = f + 4*d - 11. What is the highest common divisor of 121 and f?
11
Let z be (-1)/((-2)/(-4)) - -38. What is the greatest common factor of 9 and z?
9
Let b be 5/20*1 + (-1006)/(-8). Suppose -5*z - 3*r + 95 = 2*r, 0 = z - 4*r + 6. What is the greatest common divisor of z and b?
14
Suppose 0 = -4*z + 409 + 95. Calculate the highest common divisor of z and 14.
14
Suppose 0 = -3*t - 11*u + 6*u + 19, -3*u = -6. Let d be (18/(-12))/(t/(-16)). Calculate the greatest common factor of d and 32.
8
Suppose 2*y + 4*l - 38 = -0*y, y + 3*l - 16 = 0. What is the greatest common factor of y and 225?
25
Let t be 2/(-4*2/(-12)). Suppose 2*m - 108 = t*r, 2*m = -4*r + 70 + 52. What is the greatest common divisor of 38 and m?
19
Suppose -34 = -3*u + 5*d - d, -3*u = -2*d - 44. Calculate the greatest common factor of 162 and u.
18
Let c = 112 + -37. Calculate the highest common divisor of 15 and c.
15
Let q be ((-4)/(-2))/(-2)*0. Let h = q + 2. Let w be 2 + ((-4)/(-6))/(12/360). Calculate the greatest common factor of h and w.
2
Suppose m - 4*m + 89 = -2*k, 147 = 4*m + 3*k. Let d = 57 - m. Suppose 0 = -4*l - 2*n + 26, -n = 2*l + 2*l - 25. What is the highest common divisor of d and l?
6
Let b(i) = 20*i**2 - i + 1. Let k be b(-2). Suppose 0 = r - k + 6. Calculate the highest common factor of r and 11.
11
Suppose 5 + 6 = -x. Let c(z) = z**3 + 11*z**2 - 3*z - 15. Let w be c(x). Let k = w + -13. What is the highest common factor of 5 and k?
5
Let b = 137 + -119. Calculate the highest common divisor of 378 and b.
18
Let y(a) = a**3 + 12*a**2 + 12*a + 13. Let q be y(-11). Let u be (32/10)/(q/50). Let n = -4 + 14. Calculate the highest common divisor of n and u.
10
Suppose 5*u - 32 = 68. Let d = u - 14. Let y be (-121)/(-66) - (-3)/18. Calculate the highest common divisor of y and d.
2
Let c(m) = m**3 - 8*m**2 - 20*m + 4. Let t be c(10). Calculate the highest common divisor of 8 and t.
4
Let k(v) = 2*v - 18. Let m be k(9). Let f = m - -19. What is the highest common factor of f and 133?
19
Let x(c) = -22*c + 4. Let d be x(-3). Let l = -21 + 31. Calculate the highest common divisor of l and d.
10
Let j(c) = -c**2 + 3*c + 2. Let v be j(3). Suppose -2*n + 6 = b, -2*n - 90 = -5*b + 3*n. What is the greatest common factor of b and v?
2
Suppose 0 = -5*g + g. Let y = 5 - g. What is the highest common divisor of y and 5?
5
Suppose b + 3*b = 3*h + 175, 5*h + 5*b = -280. Let q = 16 + h. Let o = -11 - q. Calculate the greatest common divisor of o and 10.
10
Suppose -2*l + 38 = 2*m, 0 = -4*m - 5*l + 109 - 35. Calculate the greatest common divisor of 21 and m.
21
Suppose -1119 = -6*p + 309. Calculate the greatest common factor of p and 34.
34
Let o(f) = -5*f - 1. Let v be o(-1). Suppose 5*i + 4*n - 11 = 0, 3*n = 2*n + v. Let h = i - -19. Calculat